3*b = 4*b - x. Suppose -4*o + 57 - 17 = 0. Calculate the remainder when b is divided by o.
8
Suppose -5*v + 0*v - 3*t - 4 = 0, -5*t + 6 = 2*v. Let k be v - ((-120)/4 - 4). Let x = k + -20. What is the remainder when 17 is divided by x?
5
Let q(b) = b + 19. Let l be q(13). Suppose 676 = l*x - 6*x. What is the remainder when x is divided by 9?
8
Let z be (1 + -6)/(2/(-10)). Suppose 2*v - 5 - z = 0. Calculate the remainder when v is divided by (-6)/(-4) + (-105)/(-30).
0
Let j(y) = -3875*y + 3958. Suppose -2*s - 4 = 0, 3*s - s - 320 = -2*i. What is the remainder when i is divided by j(1)?
79
Let t be 5 + (20 - 11) - (4 + -2). Suppose a - 37 = 3*o - 0, 0 = 4*o - t. Calculate the remainder when a is divided by 19.
8
Let s(k) = 9*k**2 - k**3 + 11*k + 5*k - 39 + 1 + 0*k. Calculate the remainder when 85 is divided by s(10).
19
Let i(t) = 2*t**3 - 26*t**2 + 4*t - 9. Suppose -7*l - l = -104. Let s = 4 - -80. What is the remainder when s is divided by i(l)?
41
Let s(r) = -3*r + 8. Let g be s(5). Let i(a) = a**3 + 9*a**2 + 7*a - 9. What is the remainder when i(g) is divided by 174/8 - 6/8?
19
Suppose -6*d - 33 = 9. Let m = d - -50. What is the remainder when 125 is divided by m?
39
Suppose o - 4 = x, 33*o - 32*o - 2*x - 8 = 0. Suppose j - g - 167 = 0, -g + o*g = j - 157. What is the remainder when j is divided by 88?
74
Suppose 1084 = -196*c + 200*c. Let r = 274 - c. Calculate the remainder when (-34)/(-9) + 4/18 is divided by r.
1
Let h(o) = -4*o - 65. Let t be h(-17). Suppose -211 + 37 = -t*n. What is the remainder when n is divided by 10?
8
Let x be 5*(6 - 5) - 5*-35. Suppose 54 = -2*p + x. Calculate the remainder when p is divided by 66/(-3)*(1 - 2).
19
Let u(z) = -z**2 + 71*z - 715. Let l be u(14). Let v(q) = q**3 + 5*q**2 - q - 4. Let t be v(-6). Let p = l + t. What is the remainder when p is divided by 5?
4
Let o(j) = -161*j**2 + 73*j + 56. Let p(g) = 54*g**2 - 24*g - 19. Let d(m) = 2*o(m) + 7*p(m). Calculate the remainder when 237 is divided by d(-1).
9
Suppose -6*a + 15 = -a. Suppose -a*o = y - o - 2, 4*y = -4*o + 8. Suppose p - z + 3 - 15 = 0, -p + 11 = -y*z. Calculate the remainder when 50 is divided by p.
11
Let a = 7229 + -7178. What is the remainder when 3364 is divided by a?
49
Let t(l) = l**2 + 2*l - 4. Let n be t(-4). Suppose 0*d = -n*d + h - 128, 0 = 3*h. Let o = 19 - d. Calculate the remainder when o is divided by 18.
15
Suppose -3*g + 4*r = -162, 9*g - 112 = -2*r + 374. Calculate the remainder when 1377 is divided by g.
27
What is the remainder when (-4)/10 + -3*(-6543)/135 is divided by 127?
18
Let t = 351 + -276. What is the remainder when 75 is divided by t?
0
Suppose 4*c - 913 = -f - 115, 402 = 2*c - f. Suppose -5*p + c = 10. What is the remainder when 50 is divided by p?
12
Let i(c) = 2*c - 2*c + 10*c - 2*c. What is the remainder when (-2*(-488)/16)/1 is divided by i(2)?
13
Suppose 0 = y + 3*b + 268, -4*y - 1046 = b - 2*b. Let d = -241 - y. What is the remainder when 29 is divided by d?
8
Suppose 5*v = 3*z + 12, -3*v - 10 = -5*z + 18. Calculate the remainder when (14/6)/((-2)/(-24)) is divided by v.
1
Suppose -564 = 44*v + 14*v - 2942. Calculate the remainder when 313 is divided by v.
26
Let o = 4 + -2. Suppose m - 5*f = -3*f + 215, 645 = 3*m + o*f. What is the remainder when m is divided by 22?
17
Calculate the remainder when 467 is divided by (-1875)/(-1625) + (-2)/13.
0
Suppose 22*s - 3*y - 1428 = 19*s, -5*y + 30 = 0. Calculate the remainder when s is divided by 21.
20
Let y = -31 - -31. Suppose y = 26*r - 30*r + 24. Suppose 156 = 9*v - r. Calculate the remainder when 70 is divided by v.
16
Let c be -2 + (6/(-8))/((-9)/108). Let i be 2/c - (-8028)/126. Let k = 67 - i. What is the remainder when 24 is divided by k?
0
Suppose 2*l + 828 = 11*l. Suppose 22 = -2*n + l. What is the remainder when 57 is divided by n?
22
Suppose 3*q - 4*m - 79 = 128, 2*q - 4*m = 138. What is the remainder when q is divided by 11 - (0 - -1)/((-78)/1014)?
21
Let c(x) = 59*x - 415. Let g be c(7). Let o(j) = 2*j**2 - 3*j - 8. What is the remainder when 297 is divided by o(g)?
3
Suppose -3 = 3*s + 2*t, -4*s - 4*t - 16 + 8 = 0. Calculate the remainder when 107 is divided by (2 - -3)*(s - (1 - 2)).
7
Let h(i) = i**2 + 97*i + 113. Let m(x) = x**3 - 9*x**2 + 3*x - 6. Calculate the remainder when m(9) is divided by h(-96).
4
What is the remainder when 385 is divided by (-58934)/(-1738) - (-2)/22 - (0 + -1)?
0
Suppose -i + 12 = -7. Let w = -3621 - -3657. Calculate the remainder when w is divided by i.
17
Let u(k) = -2*k**2 - 15*k - 22. Let j be u(-5). Suppose 48 = -4*g + j*b + 151, 0 = g - 2*b - 27. What is the remainder when 114 is divided by g?
14
Suppose -3*c - 52 = 188. Let u be (-22)/(-33) + c/(-6). Suppose -u = 4*a - 30. Calculate the remainder when 27 is divided by a.
3
Let w be 39/15 - 9/15. Suppose 0 = -5*c - 3*m + 135, -5*c + 88 = -3*m - 47. What is the remainder when -327*6/c*(-3)/w is divided by 56?
53
Let h = 3868 - 3473. Calculate the remainder when h is divided by 11.
10
Suppose 17*d + 1672 = 29*d + 26*d. What is the remainder when 78 is divided by d?
34
Let q(a) = -11*a. Let f(l) = 65*l. Let i(n) = -2*f(n) - 13*q(n). What is the remainder when 48 - ((-325)/105 - (-8)/84) is divided by i(1)?
12
Let l = 11423 + -10100. Calculate the remainder when l is divided by 7.
0
Let y(i) = -47*i - 17. Let l be y(-8). Let m = -352 + l. What is the remainder when 18 is divided by m?
4
Suppose -f - 5 = 0, -423 = 4*d - 2*f + f. Let s = d - -132. What is the remainder when 46 is divided by s?
21
Let z(q) = q**3 + 4*q**2 - 2*q - 2. Suppose 0 = -3*d + 2733 + 1959. Let w = d + -1487. What is the remainder when w is divided by z(-3)?
12
Suppose 0 = -28*v - 2332 + 9780. What is the remainder when v is divided by (55 - 0) + 3 + -4?
50
Suppose -1555 = 772*t - 788*t + 16381. What is the remainder when 2250 is divided by t?
8
Suppose -83 = -z - 76, -5*i + 16172 = z. What is the remainder when i is divided by 1075?
8
Suppose -j - 176*g = -181*g - 55, 4*j - 100 = 5*g. Suppose -4*n = -0*n. Suppose -m + 0*m + 6 = n. What is the remainder when j is divided by m?
3
Suppose -4*a + 4378 = 2*p, -p = -3*a + 1944 + 1342. What is the remainder when a is divided by 50?
45
Let s(b) = 4*b + 266. Suppose -u = -4*l + u + 204, 0 = -l - 3*u + 44. What is the remainder when s(-28) is divided by l?
4
What is the remainder when 190991/1515 + (-2)/30 is divided by (28 - -2) + -2*(2 - 0)?
22
Let j(r) = 6*r + 24. Let b(k) = -k + 5. Let v be b(-13). What is the remainder when j(v) is divided by 15?
12
Suppose 0 = 5*w - 412 + 77. Let f = 78 - 85. Let b(p) = -p**3 - 7*p**2 - 4*p - 14. Calculate the remainder when w is divided by b(f).
11
Let b = 4671 + -4646. Suppose 2*m = 2*l + 2, -m - 5*l = -2 + 13. Let y = m + b. What is the remainder when y is divided by 18?
6
Let u = 111 + -104. Suppose -u*g + 54 + 58 = 0. What is the remainder when g is divided by 7?
2
Let d(t) be the second derivative of -t**5/20 + 7*t**4/12 + 3*t**3/2 - t**2/2 - 4*t. What is the remainder when d(7) is divided by (1 - (-8)/(-20)) + 124/10?
10
Suppose -t + 4*t - j = 8488, 0 = -2*j + 10. Calculate the remainder when t is divided by 10.
1
Let m = -3074 + 6101. Calculate the remainder when m is divided by 55.
2
What is the remainder when (16/(-6))/(-3 - 80/(-24)) - -262 is divided by 58?
22
Let f(d) = d**3 - 5*d**2 - 15*d + 5. Let j be f(7). Let t be (232/(-10))/(j/(-5)). Let u = t - -68. What is the remainder when 38 is divided by u?
8
Suppose 11*a - 17*a = -198. Suppose -204*f = -214*f + 330. Calculate the remainder when f is divided by a.
0
Let u be -15*((-4)/15)/((-18)/(-45)). Let m be (-11 + 5)/(3/4). Let s = u + m. What is the remainder when 11 is divided by s?
1
Suppose -2*i + 99285 - 94497 = 0. What is the remainder when i is divided by 341?
7
Let g be (0 + (-4)/10)*70. Let v = 53 + g. Suppose 5*c - 4*c + 2*s - 7 = 0, 2*c - 11 = -5*s. What is the remainder when v is divided by c?
12
Let q(x) = -42*x - 129. What is the remainder when 128 is divided by q(-5)?
47
Suppose 5*q + 70 = -55. Let l = -32 - q. Let b = l - -53. Calculate the remainder when 136 is divided by b.
44
Suppose 9*l = -32 + 50. Suppose 2*i + l*h = 88, -3*i + i - h = -93. Calculate the remainder when 95 is divided by i.
46
Suppose -4*k + 2*s = -390, -3*k 